e
Does 57 divide 352?
False
Does 35 divide 155?
False
Does 122 divide 10145?
False
Is 3 a factor of 229?
False
Is 444 a multiple of 6?
True
Does 11 divide 55763?
False
Does 94 divide 6674?
True
Is 22 a factor of 4549?
False
Does 8 divide 7952?
True
Is 11048 a multiple of 6?
False
Does 56 divide 8960?
True
Is 2698 a multiple of 55?
False
Does 45 divide 72315?
True
Does 10 divide 570?
True
Is 65 a factor of 132?
False
Is 5134 even?
True
Does 23 divide 16465?
False
Is 123 a factor of 19434?
True
Is 3182 a multiple of 42?
False
Does 14 divide 24920?
True
Does 3 divide 969?
True
Does 12 divide 864?
True
Is 2976 a multiple of 62?
True
Is 5761 a multiple of 10?
False
Is 12 a factor of 46780?
False
Is 109 a factor of 25288?
True
Is 29283 a multiple of 13?
False
Does 37 divide 5809?
True
Does 23 divide 28629?
False
Is 57424 a multiple of 148?
True
Is 10 a factor of 890?
True
Is 10980 a multiple of 60?
True
Is 65 a factor of 9295?
True
Does 93 divide 1262?
False
Does 7 divide 49889?
True
Does 9 divide 2610?
True
Is 34314 a multiple of 114?
True
Is 21 a factor of 10003?
False
Is 29 a factor of 268?
False
Is 274 a multiple of 8?
False
Is 36890 a multiple of 62?
True
Is 331 a multiple of 43?
False
Is 295 a multiple of 31?
False
Is 112 a multiple of 2?
True
Is 26 a factor of 4496?
False
Is 8097 a multiple of 31?
False
Is 4 a factor of 108?
True
Does 7 divide 497?
True
Does 139 divide 2780?
True
Is 239 a multiple of 38?
False
Is 506 a multiple of 18?
False
Is 8219 a multiple of 35?
False
Does 3 divide 273?
True
Is 25 a factor of 2915?
False
Is 14220 a multiple of 7?
False
Is 1124 a multiple of 4?
True
Is 10 a factor of 630?
True
Is 1472 a multiple of 16?
True
Does 153 divide 78214?
False
Is 1408 a multiple of 8?
True
Does 376 divide 23688?
True
Is 3 a factor of 700?
False
Does 15 divide 1455?
True
Does 27 divide 34776?
True
Is 665 a multiple of 29?
False
Is 7881 a multiple of 37?
True
Is 15 a factor of 2637?
False
Is 288 a multiple of 9?
True
Is 82230 a multiple of 14?
False
Is 96832 a multiple of 294?
False
Is 1368 a multiple of 12?
True
Is 6327 a multiple of 111?
True
Is 13 a factor of 19668?
False
Is 116 a factor of 2075?
False
Is 20 a factor of 1458?
False
Is 2426 a multiple of 47?
False
Is 3 a factor of 5814?
True
Is 60 a multiple of 9?
False
Does 64 divide 26688?
True
Does 41 divide 8714?
False
Does 74 divide 865?
False
Is 924 a multiple of 7?
True
Is 594 a multiple of 14?
False
Is 80 a multiple of 5?
True
Is 3012 a multiple of 3?
True
Does 41 divide 33948?
True
Is 6 a factor of 1892?
False
Does 9 divide 308?
False
Does 4 divide 2640?
True
Is 29 a factor of 261?
True
Is 21 a factor of 10458?
True
Is 25 a factor of 3531?
False
Is 6 a factor of 32790?
True
Is 10 a factor of 110?
True
Is 378 a multiple of 42?
True
Is 2654 a multiple of 4?
False
Is 23 a factor of 19563?
False
Is 119 a multiple of 119?
True
Is 754 a multiple of 12?
False
Is 17985 a multiple of 154?
False
Does 113 divide 7232?
True
Is 364 a multiple of 14?
True
Does 52 divide 520?
True
Is 21 a factor of 987?
True
Is 4796 a multiple of 65?
False
Is 1624 a multiple of 28?
True
Does 24 divide 5568?
True
Does 22 divide 1342?
True
Is 13832 a multiple of 152?
True
Is 395 a factor of 67228?
False
Does 14 divide 127?
False
Is 234 a multiple of 6?
True
Is 7956 a multiple of 12?
True
Is 31 a factor of 620?
True
Is 98712 a multiple of 20?
False
Is 26856 a multiple of 8?
True
Is 3 a factor of 24?
True
Is 18 a factor of 846?
True
Is 5 a factor of 812?
False
Does 74 divide 74?
True
Is 6986 a multiple of 78?
False
Does 30 divide 300?
True
Is 736 a multiple of 16?
True
Is 5202 a multiple of 9?
True
Is 4 a factor of 2966?
False
Does 14 divide 151?
False
Is 4360 a multiple of 10?
True
Is 7546 a multiple of 77?
True
Is 415 a factor of 28336?
False
Is 244 a multiple of 2?
True
Is 21315 a multiple of 145?
True
Is 47 a factor of 10587?
False
Is 376 a multiple of 6?
False
Is 991 a multiple of 13?
False
Is 20 a factor of 231?
False
Does 18 divide 16506?
True
Is 4625 a multiple of 7?
False
Is 14 a factor of 1778?
True
Is 40 a factor of 6597?
False
Is 111 a factor of 3663?
True
Is 4 a factor of 22703?
False
Is 19296 a multiple of 6?
True
Does 84 divide 2435?
False
Does 3 divide 19?
False
Does 21 divide 1344?
True
Is 29 a factor of 1435?
False
Does 110 divide 4510?
True
Is 574 a multiple of 82?
True
Is 7540 a multiple of 13?
True
Is 7 a factor of 854?
True
Is 2 a factor of 152?
True
Does 40 divide 3600?
True
Is 11 a factor of 363?
True
Does 43 divide 516?
True
Is 18 a factor of 7271?
False
Is 31 a factor of 50421?
False
Is 209 a factor of 21209?
False
Does 24 divide 1032?
True
Is 6615 a multiple of 15?
True
Is 17 a factor of 10098?
True
Is 65 a factor of 14089?
False
Is 131 a multiple of 18?
False
Is 105 a factor of 18060?
True
Is 828 a multiple of 60?
False
Does 3 divide 371?
False
Does 121 divide 1573?
True
Is 27960 a multiple of 5?
True
Does 21 divide 21?
True
Is 26006 a multiple of 10?
False
Does 55 divide 15345?
True
Is 43948 a multiple of 32?
False
Does 228 divide 20520?
True
Is 15663 a multiple of 23?
True
Does 4 divide 2524?
True
Is 26 a factor of 12376?
True
Does 23 divide 108394?
False
Does 63 divide 30870?
True
Does 19 divide 25903?
False
Does 56 divide 392?
True
Is 10836 a multiple of 27?
False
Is 16816 a multiple of 80?
False
Does 90 divide 1032?
False
Does 17 divide 2644?
False
Is 12 a factor of 16992?
True
Is 220 a factor of 13712?
False
Is 5 a factor of 1117?
False
Is 6852 a multiple of 7?
False
Is 11 a factor of 659?
False
Is 28 a multiple of 8?
False
Does 94 divide 4982?
True
Is 5 a factor of 1510?
True
Does 40 divide 41?
False
Is 83 a factor of 2573?
True
Does 172 divide 57110?
False
Does 19 divide 105914?
False
Is 3105 a multiple of 45?
True
Is 15 a factor of 23805?
True
Is 31 a factor of 104501?
True
Does 31 divide 1891?
True
Is 30 a factor of 5340?
True
Is 56 a factor of 4312?
True
Is 7345 a multiple of 13?
True
Is 104 a factor of 19552?
True
Is 41 a factor of 2337?
True
Is 47 a factor of 24299?
True
Is 1314 a multiple of 97?
False
Does 17 divide 17289?
True
Is 7680 a multiple of 10?
True
Is 17 a factor of 340?
True
Is 13468 a multiple of 148?
True
Does 54 divide 6498?
False
Is 26 a factor of 10693?
False
Is 54998 a multiple of 214?
True
Is 62 a factor of 6448?
True
Does 17 divide 646?
True
Does 76 divide 2856?
False
Is 14 a factor of 383?
False
Is 6 a factor of 7116?
True
Does 98 divide 5096?
True
Does 13 divide 8402?
False
Is 139 a factor of 92393?
False
Is 9 a factor of 16623?
True
Is 6257 a multiple of 23?
False
Is 23 a factor of 2323?
True
Is 18444 a multiple of 58?
True
Is 2025 a multiple of 75?
True
Does 3 divide 85?
False
Is 33 a factor of 6765?
True
Is 192 a multiple of 6?
True
Is 420 a multiple of 84?
True
Is 5809 a multiple of 37?
True
Is 71 a factor of 20803?
True
Does 7 divide 1355?
False
Is 600 a multiple of 60?
True
Is 203 a multiple of 83?
False
Is 5248 a multiple of 72?
False
Does 8 divide 5008?
True
Is 658 a multiple of 2?
True
Does 2 divide 403?
False
Is 10395 a multiple of 33?
True
Does 3 divide 401?
False
Is 66 a factor of 4374?
False
Is 1034 a multiple of 77?
False
Does 14 divide 53900?
True
Does 23 divide 356?
False
Is 3907 a multiple of 103?
False
Is 677 a multiple of 21?
False
Is 10101 a multiple of 111?
True
Is 996 a multiple of 12?
True
Is 11 a factor of 26807?
True
Is 1760 even?
True
Is 177 a factor of 34515?
True
Is 2143 a multiple of 5?
False
Is 77 a factor of 20020?
True
Is 7 a factor of 9021?
False
Is 25 a multiple of 20?
False
Is 1830 a multiple of 89?
False
Is 19608 a multiple of 6?
True
Is 42 a factor of 2184?
True
Does 43 divide 1634?
True
Is 799 a multiple of 17?
True
Does 15 divide 11955?
True
Does 117 divide 1755?
True
Is 23 a factor of 436?
False
Does 23 divide 9074?
False
Does 34 divide 4062?
False
Does 17 divide 606?
False
Does 15 divide 8672?
False
Does 13 divide 14890?
False
Is 89 a factor of 3971?
False
Is 4094 a multiple of 5?
False
Is 440 a multiple of 5?
True
Is 16 a factor of 1655?
False
Is 60 a factor of 402?
False
Is 12 a factor of 50?
False
Does 6 divide 1848?
True
Is 155 a multiple of 3?
False
Is 11 even?
False
Is 4 a factor of 774?
False
Does 115 divide 19131?
False
Does 69 divide 3308?
False
Is 10 a factor of 250?
True
Does 55 divide 843